 -n**2 + 10*n + 14. Let l be 8 - (-3 - (1 + -1)). Let j be x(l). Suppose -2*u - j*u = -30. What is the units digit of u?
6
Let k be 11/3 + 10/(-15). Suppose -143 + 41 = -k*l. What is the tens digit of l?
3
What is the thousands digit of (1 - 17)*((-14170)/40 + -12)?
5
Let i be 2/6*(6 - -6). Suppose i*y - 8 = -0*y. Suppose 4*q + 8 = 0, -y*q = 4*o - 10 - 122. What is the tens digit of o?
3
Let w = 21 - 37. What is the tens digit of (4/(w/4))/(1/(-141))?
4
Suppose 3*q + 55 - 115 = 0. What is the tens digit of q*(2*(-3)/(-6) - 0)?
2
Let l(h) be the third derivative of -5*h**4/12 + 5*h**3/6 - 22*h**2 + h. Suppose 0 = 8*t - 3*t + 25. What is the tens digit of l(t)?
5
Let j(c) = 3*c**2 + 8*c + 17. Let p be -4 - 66/6 - -4. What is the units digit of j(p)?
2
Let x = -31 - -35. Suppose -2*c = -3*c, -i = -x*c - 174. What is the units digit of i?
4
Let r(w) = 51*w**3 + 12*w**2 - 35*w - 6. What is the hundreds digit of r(5)?
4
Let i = 395 - 344. What is the units digit of i?
1
Let x(q) = 7*q**2 + 8*q - 26. What is the tens digit of x(-6)?
7
Let m(x) be the first derivative of -4*x**2 - 8*x - 8. Let k be m(-4). Suppose z - 164 + k = -3*q, -4*q + 4*z + 176 = 0. What is the tens digit of q?
4
Suppose -8*p + 770 = 10. What is the tens digit of p?
9
Suppose 20 = x - 1. Let z = x - 10. What is the units digit of z?
1
Let a be -3 + (-3 + -2)/(-1). Suppose 0 = 4*z - 2*z. Suppose -a*l + 32 = -z*l. What is the tens digit of l?
1
Suppose 4*c - 6732 = -5*c. What is the tens digit of c?
4
Suppose -26*p - 2*f = -29*p + 214, -4*p + f + 287 = 0. What is the tens digit of p?
7
What is the units digit of 546 - (-6 - 2 - -2)?
2
Let j(m) = -m**3 + 7*m**2 - m + 1. Let u be j(6). Let p = -17 + u. Suppose 18*l = p*l + 24. What is the units digit of l?
6
Let v = 434 - -56. Suppose -19*l + v = -14*l. What is the tens digit of l?
9
Let f(u) be the second derivative of 0 + 11/12*u**4 - 1/20*u**5 + 17/6*u**3 - 3*u**2 - 12*u. What is the tens digit of f(12)?
5
What is the units digit of (-32)/24*-510 - 0?
0
Suppose 4*z - 2*z - 24 = -3*a, 2*a + 3*z = 16. Let c = 42 + a. What is the tens digit of c?
5
Let r = 448 + -194. What is the tens digit of r?
5
Suppose -3*q - 2*p - 7 = 0, -2*p - 14 = -3*q - q. Let h(j) = 10*j + q - 2*j - 4. What is the units digit of h(2)?
3
Let r = 2 - -3. Suppose -r*v = g - 224, 3*v = -v - 2*g + 184. What is the units digit of v - 4/(-4 + 0)?
5
Let k = -15 + 25. Suppose k*c = 7*c - 6. What is the tens digit of (c - 39)/(-1) - 1?
4
Let f(x) = x**2 - 11*x + 11. Let c be f(8). Let o(a) = a**3 + 14*a**2 + 9*a - 7. Let z be o(c). What is the units digit of ((-60)/z)/((-4)/6)?
2
Let n(y) = 11*y - 1. Let m be n(1). Suppose -w + m = -3*w, 2*i - 3*w - 25 = 0. Suppose 4*k - 98 = -i*u, 0 = -2*u + 3 + 1. What is the tens digit of k?
2
Suppose 4*j + 4*o = -56, -4*j = -3*j - 4*o + 34. What is the hundreds digit of (-3550)/j - (-4 + (-76)/(-18))?
1
Let w = 274 - 199. What is the units digit of w?
5
Let t(q) be the second derivative of -1/2*q**2 + 0*q**4 + 0 + 1/6*q**3 + 27/20*q**5 + 4*q. What is the units digit of t(1)?
7
Let r = 2589 - 1334. What is the hundreds digit of r?
2
Suppose c + 7 = s, -4*s + 6*s + c - 29 = 0. Let a = s + 65. Suppose 0 = l + 26 - a. What is the units digit of l?
1
Let t = 544 + -348. What is the units digit of t?
6
Suppose -5*p + 411 = j, 3*j - 7*p = -3*p + 1157. What is the hundreds digit of j?
3
Let v = -1624 - -2830. What is the tens digit of v?
0
Let t(a) = 3*a - 6. Let i be t(3). Let u(q) = -7*q + 1. Let w(x) = 7*x - 2. Let o(h) = i*w(h) + 2*u(h). What is the tens digit of o(3)?
1
Suppose 12*x = 5*x + 217. Suppose -x*g = -34*g + 510. What is the hundreds digit of g?
1
Let q be 260/(-25) - (-8)/20. Let t = q - -10. Suppose o + 2 - 9 = t. What is the units digit of o?
7
Let y = 3 + 0. Suppose -y*z - z + 48 = 0. Let t(w) = -w**3 + 11*w**2 + 15*w - 11. What is the units digit of t(z)?
5
Suppose o = 4*o - r - 15397, 2*r = 3*o - 15392. What is the hundreds digit of o?
1
Let c(a) be the third derivative of -7*a**4/12 - a**3/6 - 19*a**2. What is the tens digit of c(-6)?
8
Let m = 906 - 911. Let l = 39 - 21. Let g = l - m. What is the tens digit of g?
2
Let l(g) = g**3 + 19*g**2 - 22*g + 13. What is the tens digit of l(-20)?
5
What is the thousands digit of 10/(-15)*4/8*-6144?
2
Let k = -23 + 17. What is the units digit of (-234)/(-7 + 7 - k/(-4))?
6
Let j be (8/5)/((-5)/(-50)). Let g = j + 19. What is the units digit of g?
5
Let j(r) = r**2 + 2*r - 6. Let c be j(2). Suppose -f + 91 = c*x, -3*x - 400 = -4*f + x. What is the tens digit of f?
9
Let i = 11 + -4. Suppose i*z = 3*z - 48. Let t = z - -14. What is the units digit of t?
2
Let h be -2 + -1 - (2 + -1). Suppose 20 = 5*d, -u + 1 + 20 = 4*d. What is the tens digit of (5/h)/(u/(-100))?
2
Suppose 2558 + 3492 = 10*r. What is the hundreds digit of r?
6
Let q(u) = u**2 - u - 24. Let s be q(7). What is the hundreds digit of 1932/s + (-16)/12?
1
Let i(j) be the third derivative of 7/60*j**5 - 5/24*j**4 + 0 - 5/6*j**3 - 7*j**2 + 0*j. What is the tens digit of i(-2)?
3
Let z(s) = 2*s**3 - 29*s**2 - 28*s + 10. What is the units digit of z(18)?
4
Let y be (1/3)/(3/(-9)). Let a(v) = 29*v**2 + 2*v + 2. Let f be a(y). Suppose 0 = -x + 11 + f. What is the tens digit of x?
4
What is the tens digit of 392 + -12 + 20/(-5)?
7
Let v be (-23984)/(-36) - (-4)/(-36)*2. Suppose -5*t = -v - 494. What is the units digit of t?
2
Let w(j) = -j + 8. Let c be w(4). Suppose -p = 5*b - 17 - 103, -5*b = c*p - 120. What is the tens digit of b?
2
Suppose -4*x + 7*l = 5*l - 2060, -4*x = -l - 2056. What is the hundreds digit of x?
5
Let h(w) = -w**2 + 4*w + 18. Suppose -4 - 6 = -5*v. Let n(j) = 5*j - 4. Let b be n(v). What is the units digit of h(b)?
6
Let i(w) be the first derivative of -10/3*w**3 + 1/4*w**4 - 12*w + 6*w**2 + 8. What is the units digit of i(9)?
5
Let z be (-8)/(-20) + (-54)/10. Let q(l) = 6*l + 11. Let m(x) = -3*x - 5. Let s(u) = z*m(u) - 2*q(u). What is the units digit of s(8)?
7
Suppose -4*m + 2455 + 2537 = 0. What is the hundreds digit of m?
2
Suppose 0 = 2*y - 999 - 239. What is the hundreds digit of y?
6
Suppose 3*t + 4 = 4*t. Suppose -6*a + t*a + 140 = 0. What is the units digit of a?
0
Let f be 9/(-3) - (-3)/3. Let v(p) = -4*p - 2*p + p. What is the units digit of v(f)?
0
Let y(a) = 2*a**2 - 40*a + 19. What is the units digit of y(20)?
9
Suppose -2*n - 6 = 0, -5*q + n + 2*n = -1849. What is the hundreds digit of q?
3
Suppose -h = -i + h + 25, -3*h = 3*i - 93. Let x = i - 14. Suppose 3*p - x = 2*p. What is the tens digit of p?
1
Suppose 115*s + 38120 = 125*s. What is the hundreds digit of s?
8
Suppose 0*i = -i + 2*o + 10, 4*o = -i + 16. What is the tens digit of (i/8)/(9/1164)?
9
Let h be 0*(2/(-4))/1. Suppose 2*f - 652 = -h*f + 3*u, 3*u - 1630 = -5*f. What is the units digit of f?
6
Let k(d) = d - 5. Let b be k(5). Suppose -4*l + 65 - 57 = 0. Suppose l*r + 3*f - 14 = 0, b = 4*f - 12 - 4. What is the units digit of r?
1
Let a(h) = -1. Let m(t) = -t**2 + t + 45. Let q(o) = 2*a(o) - m(o). What is the units digit of q(-14)?
3
Let l be 0/((-10 + 8)/(0 - -2)). Suppose -v + 23 - 6 = l. What is the units digit of v?
7
Suppose 14*m + 7327 = 31*m. What is the hundreds digit of m?
4
Let f be 304/32 - (-2)/4. Suppose -130 = 5*x - f. What is the tens digit of (-12)/x - (-262)/4?
6
Let c(p) = 95*p**2 + 10*p - 57. What is the hundreds digit of c(5)?
3
Let c be 9/((-54)/(-4))*-3. What is the units digit of ((-150)/(-9))/(c/(-15))?
5
Suppose 283*j - 281*j - 1456 = 0. What is the units digit of j?
8
Suppose 0 = z + 5*n + 34 - 2, -n - 4 = 0. Let d = z + 16. Suppose 0*x = 4*x + 4*c - 80, -3*x + 25 = -d*c. What is the tens digit of x?
1
Let t(v) be the second derivative of -v**4/8 + 13*v**3/6 + 5*v**2 - 6*v. Let n(c) be the first derivative of t(c). What is the tens digit of n(-5)?
2
Suppose -1452 = -7*w + 1215. What is the units digit of w?
1
Suppose 0 = 3*s - 145 + 616. Let c = 333 + -109. Let n = c + s. What is the units digit of n?
7
Let s(x) = -2*x + 3. Let c(a) = a. Let i(y) = -4*c(y) + s(y). Let d(q) = -q**2 - 9*q + 19. Let b be d(-11). What is the tens digit of i(b)?
2
Let u(l) = 21*l + 6. What is the tens digit of u(22)?
6
Let p(b) = -b**2 - 8*b - 9. Let j be p(-5). Let y = j + -24. What is the tens digit of (27/y)/((